hat is the highest common factor of 1037 and 427?
61
What is the greatest common divisor of 891 and 495?
99
What is the greatest common factor of 22920 and 8?
8
Calculate the highest common factor of 1017 and 226.
113
What is the highest common divisor of 4992 and 32?
32
What is the greatest common divisor of 89310 and 78?
78
Calculate the greatest common factor of 13 and 14131.
13
What is the greatest common factor of 14 and 126?
14
What is the highest common divisor of 5614 and 56?
14
What is the highest common divisor of 150 and 825?
75
What is the highest common factor of 3240 and 200?
40
What is the highest common divisor of 102 and 102?
102
What is the greatest common divisor of 160 and 34208?
32
What is the highest common factor of 14 and 1246?
14
Calculate the greatest common divisor of 6 and 4.
2
Calculate the greatest common divisor of 51 and 3.
3
What is the highest common factor of 18 and 291?
3
Calculate the highest common divisor of 95 and 380.
95
What is the greatest common factor of 8 and 2752?
8
What is the highest common divisor of 1696 and 64?
32
What is the greatest common factor of 5076 and 12?
12
What is the greatest common factor of 230 and 1886?
46
Calculate the greatest common divisor of 244 and 183.
61
Calculate the greatest common divisor of 2684 and 308.
44
Calculate the highest common divisor of 3838 and 3030.
202
Calculate the highest common factor of 36 and 12.
12
What is the highest common divisor of 57 and 9?
3
What is the highest common factor of 1 and 181?
1
What is the highest common divisor of 96 and 13152?
96
What is the highest common divisor of 4294 and 38?
38
Calculate the highest common factor of 68 and 76.
4
What is the highest common divisor of 128 and 208?
16
What is the greatest common factor of 57624 and 12?
12
Calculate the greatest common factor of 155 and 62.
31
Calculate the highest common factor of 616 and 264.
88
What is the greatest common divisor of 162 and 186?
6
Calculate the greatest common divisor of 60 and 3.
3
Calculate the greatest common factor of 4650 and 150.
150
Calculate the greatest common divisor of 936 and 1224.
72
Calculate the greatest common factor of 121 and 11.
11
Calculate the highest common factor of 960 and 464.
16
What is the highest common divisor of 258 and 344?
86
Calculate the highest common factor of 33 and 3993.
33
Calculate the greatest common factor of 138 and 9315.
69
Calculate the highest common divisor of 10931 and 17.
17
Calculate the highest common factor of 13182 and 117.
39
Calculate the highest common factor of 75 and 6645.
15
What is the highest common divisor of 851 and 1184?
37
Calculate the greatest common divisor of 6666 and 44.
22
What is the highest common factor of 69 and 552?
69
What is the greatest common factor of 22 and 814?
22
What is the greatest common divisor of 77 and 11?
11
What is the highest common factor of 273 and 1953?
21
Calculate the greatest common divisor of 140 and 2300.
20
Calculate the highest common factor of 190 and 50.
10
What is the highest common divisor of 6 and 3282?
6
What is the greatest common divisor of 1920 and 105?
15
Calculate the greatest common factor of 31 and 17639.
31
Calculate the highest common divisor of 80 and 500.
20
What is the greatest common factor of 6 and 267?
3
What is the greatest common factor of 5287 and 17?
17
Calculate the greatest common divisor of 70 and 14.
14
What is the greatest common factor of 1890 and 14?
14
What is the greatest common factor of 5782 and 59?
59
Calculate the highest common factor of 88 and 112.
8
Calculate the greatest common factor of 2597 and 98.
49
What is the greatest common factor of 81 and 159?
3
What is the greatest common divisor of 44038 and 388?
194
What is the highest common divisor of 3422 and 59?
59
What is the highest common factor of 43 and 34400?
43
What is the greatest common divisor of 9 and 318?
3
Calculate the highest common divisor of 6908 and 484.
44
Calculate the greatest common divisor of 736 and 2116.
92
Calculate the highest common factor of 448 and 6160.
112
What is the highest common factor of 1869 and 21?
21
Calculate the highest common factor of 165 and 2112.
33
What is the greatest common factor of 20 and 1160?
20
What is the greatest common factor of 702 and 78?
78
Calculate the highest common factor of 49 and 2989.
49
Calculate the highest common divisor of 255 and 561.
51
What is the greatest common divisor of 80 and 340?
20
Calculate the highest common factor of 165 and 44385.
165
What is the highest common factor of 74 and 4?
2
What is the highest common factor of 635 and 5842?
127
Calculate the greatest common factor of 27 and 33.
3
Calculate the highest common divisor of 1335 and 30.
15
What is the highest common factor of 16 and 2488?
8
What is the greatest common divisor of 531 and 2183?
59
Calculate the greatest common divisor of 49 and 1106.
7
What is the highest common divisor of 176 and 1776?
16
What is the greatest common divisor of 150 and 53850?
150
Calculate the greatest common factor of 77 and 693.
77
What is the highest common factor of 13251 and 105?
21
Calculate the highest common factor of 216 and 756.
108
Calculate the greatest common divisor of 16753 and 55.
11
What is the highest common factor of 40 and 25?
5
What is the greatest common divisor of 243 and 3699?
27
What is the greatest common factor of 11488 and 96?
32
Calculate the greatest common divisor of 506 and 33.
11
What is the highest common factor of 5181 and 314?
157
What is the greatest common factor of 220 and 308?
44
Calculate the greatest common divisor of 57 and 76.
19
Calculate the greatest common factor of 422 and 2.
2
Calculate the highest common divisor of 210 and 2415.
105
Calculate the highest common factor of 14 and 9.
1
What is the greatest common factor of 816 and 10?
2
Calculate the greatest common factor of 48 and 72.
24
Calculate the highest common factor of 341 and 31.
31
What is the greatest common factor of 70 and 50?
10
Calculate the highest common divisor of 2107 and 12943.
301
What is the greatest common factor of 7047 and 2187?
243
What is the highest common divisor of 70 and 4396?
14
Calculate the highest common factor of 17628 and 156.
156
What is the greatest common factor of 7 and 161?
7
What is the highest common divisor of 574 and 14?
14
What is the greatest common factor of 1660 and 980?
20
Calculate the greatest common divisor of 246 and 5986.
82
Calculate the highest common divisor of 19448 and 26.
26
What is the greatest common divisor of 19 and 57?
19
What is the highest common factor of 9 and 2?
1
What is the greatest common divisor of 1050 and 10?
10
What is the highest common divisor of 390 and 3?
3
What is the greatest common divisor of 69 and 21?
3
Calculate the greatest common factor of 2255 and 55.
55
Calculate the greatest common factor of 1794 and 483.
69
Calculate the greatest common factor of 24 and 16.
8
Calculate the highest common factor of 61 and 18971.
61
Calculate the greatest common divisor of 10 and 1670.
10
What is the highest common divisor of 5307 and 61?
61
Calculate the highest common divisor of 22 and 99.
11
What is the greatest common divisor of 147 and 1365?
21
What is the greatest common divisor of 44 and 429?
11
What is the greatest common divisor of 78 and 1846?
26
Calculate the highest common factor of 2949 and 3.
3
What is the greatest common divisor of 171 and 285?
57
What is the greatest common divisor of 127 and 13970?
127
What is the highest common factor of 3873 and 3?
3
Calculate the greatest common divisor of 128 and 160.
32
What is the greatest common factor of 299 and 161?
23
Calculate the greatest common factor of 13000 and 160.
40
What is the highest common factor of 100 and 1075?
25
Calculate the greatest common factor of 20 and 640.
20
What is the highest common factor of 14 and 38724?
14
What is the greatest common divisor of 31 and 62?
31
Calculate the greatest common factor of 21 and 95529.
21
Calculate the highest common factor of 31 and 961.
31
Calculate the highest common factor of 1443 and 8103.
111
What is the greatest common factor of 4796 and 44?
44
Calculate the greatest common divisor of 55 and 891.
11
Calculate the highest common divisor of 567 and 84